[INFO] cloning repository https://github.com/Fede-Berga/Variation_Graph
[INFO] running `Command { std: "git" "-c" "credential.helper=" "-c" "credential.helper=/workspace/cargo-home/bin/git-credential-null" "clone" "--bare" "https://github.com/Fede-Berga/Variation_Graph" "/workspace/cache/git-repos/https%3A%2F%2Fgithub.com%2FFede-Berga%2FVariation_Graph", kill_on_drop: false }`
[INFO] [stderr] Cloning into bare repository '/workspace/cache/git-repos/https%3A%2F%2Fgithub.com%2FFede-Berga%2FVariation_Graph'...
[INFO] running `Command { std: "git" "rev-parse" "HEAD", kill_on_drop: false }`
[INFO] [stdout] 6fe6fa8839989ba50dcb08e8ac166cd2eb757226
[INFO] building Fede-Berga/Variation_Graph against master#881c1ac408d93bb7adaa3a51dabab9266e82eee8 for issue-85264
[INFO] running `Command { std: "git" "clone" "/workspace/cache/git-repos/https%3A%2F%2Fgithub.com%2FFede-Berga%2FVariation_Graph" "/workspace/builds/worker-3/source", kill_on_drop: false }`
[INFO] [stderr] Cloning into '/workspace/builds/worker-3/source'...
[INFO] [stderr] done.
[INFO] validating manifest of git repo https://github.com/Fede-Berga/Variation_Graph on toolchain 881c1ac408d93bb7adaa3a51dabab9266e82eee8
[INFO] running `Command { std: "/workspace/cargo-home/bin/cargo" "+881c1ac408d93bb7adaa3a51dabab9266e82eee8" "metadata" "--manifest-path" "Cargo.toml" "--no-deps", kill_on_drop: false }`
[INFO] started tweaking git repo https://github.com/Fede-Berga/Variation_Graph
[INFO] finished tweaking git repo https://github.com/Fede-Berga/Variation_Graph
[INFO] tweaked toml for git repo https://github.com/Fede-Berga/Variation_Graph written to /workspace/builds/worker-3/source/Cargo.toml
[INFO] crate git repo https://github.com/Fede-Berga/Variation_Graph already has a lockfile, it will not be regenerated
[INFO] running `Command { std: "/workspace/cargo-home/bin/cargo" "+881c1ac408d93bb7adaa3a51dabab9266e82eee8" "fetch" "--manifest-path" "Cargo.toml", kill_on_drop: false }`
[INFO] [stderr]     Blocking waiting for file lock on package cache
[INFO] [stderr]     Blocking waiting for file lock on package cache
[INFO] running `Command { std: "docker" "create" "-v" "/var/lib/crater-agent-workspace/builds/worker-3/target:/opt/rustwide/target:rw,Z" "-v" "/var/lib/crater-agent-workspace/builds/worker-3/source:/opt/rustwide/workdir:ro,Z" "-v" "/var/lib/crater-agent-workspace/cargo-home:/opt/rustwide/cargo-home:ro,Z" "-v" "/var/lib/crater-agent-workspace/rustup-home:/opt/rustwide/rustup-home:ro,Z" "-e" "SOURCE_DIR=/opt/rustwide/workdir" "-e" "CARGO_TARGET_DIR=/opt/rustwide/target" "-e" "CARGO_HOME=/opt/rustwide/cargo-home" "-e" "RUSTUP_HOME=/opt/rustwide/rustup-home" "-w" "/opt/rustwide/workdir" "-m" "1610612736" "--user" "0:0" "--network" "none" "ghcr.io/rust-lang/crates-build-env/linux@sha256:20528e8c29e4536546f0102ce88568b16ea7538393a33fcca951030f7af10457" "/opt/rustwide/cargo-home/bin/cargo" "+881c1ac408d93bb7adaa3a51dabab9266e82eee8" "metadata" "--no-deps" "--format-version=1", kill_on_drop: false }`
[INFO] [stdout] 3f7cd4ae7561defc61873c0ef68582e818d6c79e871a5535f352e2954244f83e
[INFO] [stderr] WARNING: Your kernel does not support swap limit capabilities or the cgroup is not mounted. Memory limited without swap.
[INFO] running `Command { std: "docker" "start" "-a" "3f7cd4ae7561defc61873c0ef68582e818d6c79e871a5535f352e2954244f83e", kill_on_drop: false }`
[INFO] running `Command { std: "docker" "inspect" "3f7cd4ae7561defc61873c0ef68582e818d6c79e871a5535f352e2954244f83e", kill_on_drop: false }`
[INFO] running `Command { std: "docker" "rm" "-f" "3f7cd4ae7561defc61873c0ef68582e818d6c79e871a5535f352e2954244f83e", kill_on_drop: false }`
[INFO] [stdout] 3f7cd4ae7561defc61873c0ef68582e818d6c79e871a5535f352e2954244f83e
[INFO] running `Command { std: "docker" "create" "-v" "/var/lib/crater-agent-workspace/builds/worker-3/target:/opt/rustwide/target:rw,Z" "-v" "/var/lib/crater-agent-workspace/builds/worker-3/source:/opt/rustwide/workdir:ro,Z" "-v" "/var/lib/crater-agent-workspace/cargo-home:/opt/rustwide/cargo-home:ro,Z" "-v" "/var/lib/crater-agent-workspace/rustup-home:/opt/rustwide/rustup-home:ro,Z" "-e" "SOURCE_DIR=/opt/rustwide/workdir" "-e" "CARGO_TARGET_DIR=/opt/rustwide/target" "-e" "CARGO_INCREMENTAL=0" "-e" "RUST_BACKTRACE=full" "-e" "RUSTFLAGS=--cap-lints=forbid" "-e" "CARGO_HOME=/opt/rustwide/cargo-home" "-e" "RUSTUP_HOME=/opt/rustwide/rustup-home" "-w" "/opt/rustwide/workdir" "-m" "1610612736" "--user" "0:0" "--network" "none" "ghcr.io/rust-lang/crates-build-env/linux@sha256:20528e8c29e4536546f0102ce88568b16ea7538393a33fcca951030f7af10457" "/opt/rustwide/cargo-home/bin/cargo" "+881c1ac408d93bb7adaa3a51dabab9266e82eee8" "build" "--frozen" "--message-format=json", kill_on_drop: false }`
[INFO] [stdout] 70cdcad1e3f5f9d3d22b68d675ebdede672488fb5c29904ce478e6dfaf4a54c0
[INFO] [stderr] WARNING: Your kernel does not support swap limit capabilities or the cgroup is not mounted. Memory limited without swap.
[INFO] running `Command { std: "docker" "start" "-a" "70cdcad1e3f5f9d3d22b68d675ebdede672488fb5c29904ce478e6dfaf4a54c0", kill_on_drop: false }`
[INFO] [stderr]    Compiling proc-macro2 v1.0.26
[INFO] [stderr]    Compiling unicode-xid v0.2.2
[INFO] [stderr]    Compiling syn v1.0.71
[INFO] [stderr]    Compiling libc v0.2.94
[INFO] [stderr]    Compiling memchr v2.4.0
[INFO] [stderr]    Compiling serde_derive v1.0.125
[INFO] [stderr]    Compiling serde v1.0.125
[INFO] [stderr]    Compiling getrandom v0.1.16
[INFO] [stderr]    Compiling byteorder v1.4.3
[INFO] [stderr]    Compiling typenum v1.13.0
[INFO] [stderr]    Compiling ppv-lite86 v0.2.10
[INFO] [stderr]    Compiling anyhow v1.0.40
[INFO] [stderr]    Compiling regex-syntax v0.6.25
[INFO] [stderr]    Compiling version_check v0.9.3
[INFO] [stderr]    Compiling static_assertions v1.1.0
[INFO] [stderr]    Compiling feature-probe v0.1.1
[INFO] [stderr]    Compiling ndarray v0.14.0
[INFO] [stderr]    Compiling array-macro v1.0.5
[INFO] [stderr]    Compiling bit-vec v0.6.3
[INFO] [stderr]    Compiling bio v0.33.0
[INFO] [stderr]    Compiling itoa v0.4.7
[INFO] [stderr]    Compiling fixedbitset v0.2.0
[INFO] [stderr]    Compiling bytecount v0.6.2
[INFO] [stderr]    Compiling custom_derive v0.1.7
[INFO] [stderr]    Compiling triple_accel v0.3.4
[INFO] [stderr]    Compiling num-traits v0.2.14
[INFO] [stderr]    Compiling crossbeam-utils v0.8.4
[INFO] [stderr]    Compiling memoffset v0.6.3
[INFO] [stderr]    Compiling num-integer v0.1.44
[INFO] [stderr]    Compiling num-complex v0.2.4
[INFO] [stderr]    Compiling num-rational v0.2.4
[INFO] [stderr]    Compiling rayon v1.5.0
[INFO] [stderr]    Compiling indexmap v1.6.2
[INFO] [stderr]    Compiling itertools v0.9.0
[INFO] [stderr]    Compiling matrixmultiply v0.2.4
[INFO] [stderr]    Compiling wyhash v0.5.0
[INFO] [stderr]    Compiling bv v0.11.1
[INFO] [stderr]    Compiling regex-automata v0.1.9
[INFO] [stderr]    Compiling fxhash v0.2.1
[INFO] [stderr]    Compiling bit-set v0.5.2
[INFO] [stderr]    Compiling nom v5.1.2
[INFO] [stderr]    Compiling newtype_derive v0.1.6
[INFO] [stderr]    Compiling lexical-core v0.7.6
[INFO] [stderr]    Compiling quote v1.0.9
[INFO] [stderr]    Compiling crossbeam-epoch v0.9.4
[INFO] [stderr]    Compiling crossbeam-channel v0.5.1
[INFO] [stderr]    Compiling aho-corasick v0.7.18
[INFO] [stderr]    Compiling csv-core v0.1.10
[INFO] [stderr]    Compiling petgraph v0.5.1
[INFO] [stderr]    Compiling num_cpus v1.13.0
[INFO] [stderr]    Compiling memmap v0.7.0
[INFO] [stderr]    Compiling crossbeam-deque v0.8.0
[INFO] [stderr]    Compiling rand_core v0.5.1
[INFO] [stderr]    Compiling generic-array v0.13.3
[INFO] [stderr]    Compiling rayon-core v1.9.0
[INFO] [stderr]    Compiling approx v0.3.2
[INFO] [stderr]    Compiling num-complex v0.3.1
[INFO] [stderr]    Compiling ordered-float v1.1.1
[INFO] [stderr]    Compiling succinct v0.5.2
[INFO] [stderr]    Compiling itertools-num v0.1.3
[INFO] [stderr]    Compiling rand_chacha v0.2.2
[INFO] [stderr]    Compiling rand v0.7.3
[INFO] [stderr]    Compiling regex v1.5.3
[INFO] [stderr]    Compiling alga v0.9.3
[INFO] [stderr]    Compiling rand_distr v0.2.2
[INFO] [stderr]    Compiling nalgebra v0.19.0
[INFO] [stderr]    Compiling thiserror-impl v1.0.24
[INFO] [stderr]    Compiling bytemuck_derive v1.0.1
[INFO] [stderr]    Compiling enum-map-derive v0.4.6
[INFO] [stderr]    Compiling derive-new v0.5.9
[INFO] [stderr]    Compiling strum_macros v0.20.1
[INFO] [stderr]    Compiling getset v0.0.9
[INFO] [stderr]    Compiling boomphf v0.5.9
[INFO] [stderr]    Compiling enum-map v0.6.4
[INFO] [stderr]    Compiling bytemuck v1.5.1
[INFO] [stderr]    Compiling thiserror v1.0.24
[INFO] [stderr]    Compiling bio-types v0.11.0
[INFO] [stderr]    Compiling bstr v0.2.16
[INFO] [stderr]    Compiling vec_map v0.8.2
[INFO] [stderr]    Compiling multimap v0.8.3
[INFO] [stderr]    Compiling gfa v0.10.0
[INFO] [stderr]    Compiling csv v1.1.6
[INFO] [stderr]    Compiling handlegraph v0.7.0-alpha.4 (https://github.com/chfi/rs-handlegraph#866f637a)
[INFO] [stderr]    Compiling statrs v0.13.0
[INFO] [stderr]    Compiling variation_graph v0.1.0 (/opt/rustwide/workdir)
[INFO] [stdout] warning: unused import: `Interval`
[INFO] [stdout]  --> src/alignment_parser.rs:5:5
[INFO] [stdout]   |
[INFO] [stdout] 5 |     Interval,
[INFO] [stdout]   |     ^^^^^^^^
[INFO] [stdout]   |
[INFO] [stdout]   = note: `#[warn(unused_imports)]` on by default
[INFO] [stdout] 
[INFO] [stdout] 
[INFO] [stdout] warning: unused import: `std::fs`
[INFO] [stdout]  --> src/multiple_alignment_format/mod.rs:8:5
[INFO] [stdout]   |
[INFO] [stdout] 8 | use std::fs;
[INFO] [stdout]   |     ^^^^^^^
[INFO] [stdout] 
[INFO] [stdout] 
[INFO] [stdout] warning: 2 warnings emitted
[INFO] [stdout] 
[INFO] [stdout] 
[INFO] [stderr]     Finished dev [unoptimized + debuginfo] target(s) in 2m 52s
[INFO] running `Command { std: "docker" "inspect" "70cdcad1e3f5f9d3d22b68d675ebdede672488fb5c29904ce478e6dfaf4a54c0", kill_on_drop: false }`
[INFO] running `Command { std: "docker" "rm" "-f" "70cdcad1e3f5f9d3d22b68d675ebdede672488fb5c29904ce478e6dfaf4a54c0", kill_on_drop: false }`
[INFO] [stdout] 70cdcad1e3f5f9d3d22b68d675ebdede672488fb5c29904ce478e6dfaf4a54c0
[INFO] running `Command { std: "docker" "create" "-v" "/var/lib/crater-agent-workspace/builds/worker-3/target:/opt/rustwide/target:rw,Z" "-v" "/var/lib/crater-agent-workspace/builds/worker-3/source:/opt/rustwide/workdir:ro,Z" "-v" "/var/lib/crater-agent-workspace/cargo-home:/opt/rustwide/cargo-home:ro,Z" "-v" "/var/lib/crater-agent-workspace/rustup-home:/opt/rustwide/rustup-home:ro,Z" "-e" "SOURCE_DIR=/opt/rustwide/workdir" "-e" "CARGO_TARGET_DIR=/opt/rustwide/target" "-e" "CARGO_INCREMENTAL=0" "-e" "RUST_BACKTRACE=full" "-e" "RUSTFLAGS=--cap-lints=forbid" "-e" "CARGO_HOME=/opt/rustwide/cargo-home" "-e" "RUSTUP_HOME=/opt/rustwide/rustup-home" "-w" "/opt/rustwide/workdir" "-m" "1610612736" "--user" "0:0" "--network" "none" "ghcr.io/rust-lang/crates-build-env/linux@sha256:20528e8c29e4536546f0102ce88568b16ea7538393a33fcca951030f7af10457" "/opt/rustwide/cargo-home/bin/cargo" "+881c1ac408d93bb7adaa3a51dabab9266e82eee8" "test" "--frozen" "--no-run" "--message-format=json", kill_on_drop: false }`
[INFO] [stdout] 8ffe2dc556e5ff287bd902dd12acc2db7d659927c07bc5c16b4afa590b77c202
[INFO] [stderr] WARNING: Your kernel does not support swap limit capabilities or the cgroup is not mounted. Memory limited without swap.
[INFO] running `Command { std: "docker" "start" "-a" "8ffe2dc556e5ff287bd902dd12acc2db7d659927c07bc5c16b4afa590b77c202", kill_on_drop: false }`
[INFO] [stderr]    Compiling variation_graph v0.1.0 (/opt/rustwide/workdir)
[INFO] [stdout] warning: unused import: `Interval`
[INFO] [stdout]  --> src/alignment_parser.rs:5:5
[INFO] [stdout]   |
[INFO] [stdout] 5 |     Interval,
[INFO] [stdout]   |     ^^^^^^^^
[INFO] [stdout]   |
[INFO] [stdout]   = note: `#[warn(unused_imports)]` on by default
[INFO] [stdout] 
[INFO] [stdout] 
[INFO] [stdout] warning: unused import: `std::fs`
[INFO] [stdout]  --> src/multiple_alignment_format/mod.rs:8:5
[INFO] [stdout]   |
[INFO] [stdout] 8 | use std::fs;
[INFO] [stdout]   |     ^^^^^^^
[INFO] [stdout] 
[INFO] [stdout] 
[INFO] [stdout] warning: 2 warnings emitted
[INFO] [stdout] 
[INFO] [stdout] 
[INFO] [stdout] error[E0468]: an `extern crate` loading macros must be at the crate root
[INFO] [stdout]  --> src/multiple_alignment_format/mod.rs:3:1
[INFO] [stdout]   |
[INFO] [stdout] 3 | extern crate maplit;
[INFO] [stdout]   | ^^^^^^^^^^^^^^^^^^^^
[INFO] [stdout] 
[INFO] [stdout] 
[INFO] [stdout] warning: unused import: `FastaParser`
[INFO] [stdout]  --> tests/parser_test.rs:6:5
[INFO] [stdout]   |
[INFO] [stdout] 6 |     FastaParser,
[INFO] [stdout]   |     ^^^^^^^^^^^
[INFO] [stdout]   |
[INFO] [stdout]   = note: `#[warn(unused_imports)]` on by default
[INFO] [stdout] 
[INFO] [stdout] 
[INFO] [stdout] warning: unused import: `VariationGraphError`
[INFO] [stdout]  --> tests/variation_graph_test.rs:7:39
[INFO] [stdout]   |
[INFO] [stdout] 7 |     variation_graph::{VariationGraph, VariationGraphError},
[INFO] [stdout]   |                                       ^^^^^^^^^^^^^^^^^^^
[INFO] [stdout]   |
[INFO] [stdout]   = note: `#[warn(unused_imports)]` on by default
[INFO] [stdout] 
[INFO] [stdout] 
[INFO] [stdout] error[E0432]: unresolved import `MAFBlock`
[INFO] [stdout]   --> src/multiple_alignment_format/output.rs:71:9
[INFO] [stdout]    |
[INFO] [stdout] 71 |     use MAFBlock;
[INFO] [stdout]    |         ^^^^^^^^ no external crate `MAFBlock`
[INFO] [stdout] 
[INFO] [stdout] 
[INFO] [stdout] error[E0432]: unresolved import `MAFBlockEntry`
[INFO] [stdout]   --> src/multiple_alignment_format/output.rs:72:9
[INFO] [stdout]    |
[INFO] [stdout] 72 |     use MAFBlockEntry;
[INFO] [stdout]    |         ^^^^^^^^^^^^^ no external crate `MAFBlockEntry`
[INFO] [stdout] 
[INFO] [stdout] 
[INFO] [stdout] error[E0432]: unresolved import `MAFBlockAlignedEntry`
[INFO] [stdout]   --> src/multiple_alignment_format/output.rs:73:9
[INFO] [stdout]    |
[INFO] [stdout] 73 |     use MAFBlockAlignedEntry;
[INFO] [stdout]    |         ^^^^^^^^^^^^^^^^^^^^ no external crate `MAFBlockAlignedEntry`
[INFO] [stdout] 
[INFO] [stdout] 
[INFO] [stdout] error[E0432]: unresolved import `MAFBlockUnalignedEntry`
[INFO] [stdout]   --> src/multiple_alignment_format/output.rs:74:9
[INFO] [stdout]    |
[INFO] [stdout] 74 |     use MAFBlockUnalignedEntry;
[INFO] [stdout]    |         ^^^^^^^^^^^^^^^^^^^^^^ no external crate `MAFBlockUnalignedEntry`
[INFO] [stdout] 
[INFO] [stdout] 
[INFO] [stdout] error[E0432]: unresolved import `Strand`
[INFO] [stdout]   --> src/multiple_alignment_format/output.rs:75:9
[INFO] [stdout]    |
[INFO] [stdout] 75 |     use Strand;
[INFO] [stdout]    |         ^^^^^^ no external crate `Strand`
[INFO] [stdout] 
[INFO] [stdout] 
[INFO] [stdout] error[E0432]: unresolved import `AlignedContext`
[INFO] [stdout]   --> src/multiple_alignment_format/output.rs:76:9
[INFO] [stdout]    |
[INFO] [stdout] 76 |     use AlignedContext;
[INFO] [stdout]    |         ^^^^^^^^^^^^^^ no external crate `AlignedContext`
[INFO] [stdout] 
[INFO] [stdout] 
[INFO] [stdout] error[E0432]: unresolved import `AlignedContextStatus`
[INFO] [stdout]   --> src/multiple_alignment_format/output.rs:77:9
[INFO] [stdout]    |
[INFO] [stdout] 77 |     use AlignedContextStatus;
[INFO] [stdout]    |         ^^^^^^^^^^^^^^^^^^^^ no external crate `AlignedContextStatus`
[INFO] [stdout] 
[INFO] [stdout] 
[INFO] [stdout] error[E0432]: unresolved import `UnalignedContextStatus`
[INFO] [stdout]   --> src/multiple_alignment_format/output.rs:78:9
[INFO] [stdout]    |
[INFO] [stdout] 78 |     use UnalignedContextStatus;
[INFO] [stdout]    |         ^^^^^^^^^^^^^^^^^^^^^^ no external crate `UnalignedContextStatus`
[INFO] [stdout] 
[INFO] [stdout] 
[INFO] [stdout] warning: unused import: `Interval`
[INFO] [stdout]  --> src/alignment_parser.rs:5:5
[INFO] [stdout]   |
[INFO] [stdout] 5 |     Interval,
[INFO] [stdout]   |     ^^^^^^^^
[INFO] [stdout]   |
[INFO] [stdout]   = note: `#[warn(unused_imports)]` on by default
[INFO] [stdout] 
[INFO] [stdout] 
[INFO] [stdout] error: aborting due to 9 previous errors; 1 warning emitted
[INFO] [stdout] 
[INFO] [stdout] 
[INFO] [stdout] Some errors have detailed explanations: E0432, E0468.
[INFO] [stdout] 
[INFO] [stdout] For more information about an error, try `rustc --explain E0432`.
[INFO] [stdout] 
[INFO] [stderr] error: could not compile `variation_graph`
[INFO] [stderr] 
[INFO] [stderr] To learn more, run the command again with --verbose.
[INFO] [stderr] warning: build failed, waiting for other jobs to finish...
[INFO] [stdout] warning: 1 warning emitted
[INFO] [stdout] 
[INFO] [stdout] 
[INFO] [stdout] warning: 1 warning emitted
[INFO] [stdout] 
[INFO] [stdout] 
[INFO] [stderr] error: build failed
[INFO] running `Command { std: "docker" "inspect" "8ffe2dc556e5ff287bd902dd12acc2db7d659927c07bc5c16b4afa590b77c202", kill_on_drop: false }`
[INFO] running `Command { std: "docker" "rm" "-f" "8ffe2dc556e5ff287bd902dd12acc2db7d659927c07bc5c16b4afa590b77c202", kill_on_drop: false }`
[INFO] [stdout] 8ffe2dc556e5ff287bd902dd12acc2db7d659927c07bc5c16b4afa590b77c202
